 - 5) + (6 - 5) + -4
-9
Evaluate (22 + 1 - 6) + (8 + -31 - -18).
12
Calculate -23 - 1 - (-142 + 132).
-14
Evaluate (3 - (-8 + -16 + 77)) + 14.
-36
Evaluate (2 - 10 - (-24 - -24)) + -16.
-24
Evaluate 4 - (9 + 4 + 9).
-18
Evaluate -5 - (3 + 7 + -7 + -4 + 8).
-12
-4 + 0 + 13 + -15 + 9
3
What is 22 - (-14 - (1 - -8 - (53 - 37)))?
29
What is 10 - (0 + -33 + (55 - 28 - 24))?
40
Evaluate -2 - 5 - (8 - (-12 + 2)) - -6.
-19
Evaluate (-20 - -39) + -6 - -2.
15
Calculate 4 + (-4 - (0 + 8 - 15)).
7
What is 29 + -21 + (-20 - -21)?
9
What is the value of (3 - (8 + 10)) + 22 + -12?
-5
What is 1 - (-1 + 5 + (-308 - -308))?
-3
Evaluate 149 + -140 - (6 - -25).
-22
10 + (-5 - 1) - 2
2
Evaluate (7 - 0) + (23 - 0) + -29 + 10.
11
Calculate -23 + 67 + 0 + -12.
32
What is 26 + 0 - (138 - 122)?
10
Calculate (549 - 564) + (-4 - -2) + 0.
-17
What is the value of 6 + 0 + (-4 - -10 - -1)?
13
What is 7 + -14 + 5 + -9 + 8?
-3
Evaluate -11 + 5 + (-3 - (15 - 12)).
-12
Calculate -11 + 19 + 4 - 12.
0
What is the value of 5 + 2 + (-9 - 15 - -2 - -9)?
-6
What is (7 - 30) + 15 + (22 - -2)?
16
Evaluate -3 - ((5 - 0) + -32 + 14).
10
Calculate 10 - ((-1 + 22 - -1) + -41 + 44).
-15
Evaluate 14 - 0 - 10 - (-4 - -7 - 12).
13
What is 6 + 3 + -9 + 0 - 1?
-1
Evaluate -12 - (-3 - -4) - (26 + -36).
-3
Evaluate (4 - (-49 - -50 - (-6 - -2))) + -10.
-11
What is the value of 36 + -31 + (3 - 10 - -2)?
0
What is -277 + 286 - (28 + (-1 - -2))?
-20
What is 3 - 4 - (-45 - -41)?
3
Calculate -18 + (37 - (2 - -20)) + -1 + 6.
2
Evaluate -35 + 15 + 20 - 18.
-18
What is the value of 36 + -15 - 25 - -21?
17
What is the value of 42 - (0 + (5 + 2 - -10))?
25
What is 9 + (9 - 8 - 0 - 2)?
8
What is -14 - (15 - 24 - -2)?
-7
What is 0 + 1 + -1 + (-133 - -123)?
-10
Evaluate (-3 - 8) + -14 + -8 + 14.
-19
Evaluate -1 + (27 - 34) + -21.
-29
Evaluate (0 + -2 - -5 - 3) + (-89 - -94).
5
24 - 16 - (9 - 1)
0
What is the value of 12 - (2 - -2) - -1?
9
-65 + 79 - (1 + 6)
7
What is the value of 0 + 0 + (-2 - (-22 + 26))?
-6
(38 - 48 - (-10 - 1)) + (7 - 2)
6
5 + (-7 - (-4 - -2)) + (-151 - -155)
4
What is the value of (15 - 0) + (-67 - -75)?
23
Calculate 384 + -422 - (-2 - (11 - -4)).
-21
What is 2 + -9 + (-16 - -8) + 15?
0
What is the value of (-19 - -54 - 43) + (0 - -14)?
6
What is the value of -27 - -3 - (-95 - -55)?
16
-25 + 3 + 12 + 1 - (-16 - 2)
9
-14 + 29 - (15 - -13)
-13
3 - (-34 - -3) - (10 - 5) - 5
24
Calculate 14 - -27 - 4 - 19.
18
4 - (-3 + 0 + 4 + 10 + -10)
3
Calculate -13 + 4 + -2 - (-3 + 3).
-11
What is 8 + 13 + -16 + 8?
13
(-30 - (-3 - 18)) + 17
8
Evaluate -1 + -8 - (10 - (53 - 59)) - 11.
-36
What is (93 - 108 - (-2 - 0)) + (-1 - -7)?
-7
What is the value of (5 - 2 - (-1 + 0)) + -36 + 40?
8
Evaluate (13 - 10 - 18) + -11 + -6.
-32
What is 9 - (-14 + (3 - 1 - (-10 + 10)))?
21
What is 8 + (0 - 16) + 8?
0
Calculate 1 + -2 - (14 - 3 - 6) - 2.
-8
What is the value of 0 - (3 - 6) - -5 - (15 - 0)?
-7
What is the value of -19 + 27 - (-5 - 0)?
13
What is 7 + 31 + -10 + -17?
11
What is -142 + 152 - (9 - (0 - 0))?
1
-42 - (8 - (5 + 0 - -18))
-27
Calculate -11 + -8 - (-16 - -1).
-4
Evaluate 8 - -3 - (-8 + 15 + -7).
11
Evaluate (0 - -1 - (0 + 4)) + 3989 + -3952.
34
What is (-14 - -22) + -5 + -1 - (5 - 0)?
-3
(56 - 47) + (-4 - (-26 - -1) - 4)
26
7 - (-11 - (2 - (-25 + 13)))
32
46 + -6 + 3 + -16
27
Calculate -28 - -30 - (-6 - 3).
11
What is -1 + 6 + -1 - (20 - (7 - -2))?
-7
What is the value of (-2 - -5) + -66 + -38 + 95?
-6
8 - (50 + (-33 - -13))
-22
Evaluate (5 + -6 + 0 - 0) + 5 - -5.
9
Evaluate -46 - (15 - (9 - -32)).
-20
Evaluate 15 - (1 + (-19 - -15 - 3)).
21
Evaluate 30 + -64 + (74 - 36).
4
Calculate -2 - ((-3 - 2) + 2) - 3.
-2
What is the value of 2 - (26 - 19) - 26?
-31
14 + -4 - (44 + -32 - -7)
-9
(-3 - -5) + -2 + -9
-9
Calculate 5 + 2 - (0 + (2 - -5)).
0
Calculate 11 - -2 - (0 + 2) - (63 + -73).
21
What is the value of 26 - (-32 - -37) - 14?
7
Evaluate -20 - -10 - (-6 - (-2 + -2 - -4)).
-4
What is (-3 - -2 - (5 - 0)) + -13 + 11?
-8
(7 + 6 - (6 - 10)) + -9
8
Evaluate 16 + 32 + -18 + (-20 - -5).
15
17 - 24 - (-5 - -8)
-10
What is (-13 - -1) + 9 + 5 + -2 + -7?
-7
Evaluate 126 - 129 - (26 - -1).
-30
10 + -14 + 11 + -2 + (-2 - -4)
7
What is the value of (-17 - -10) + -5 + 15?
3
What is the value of -3 - (-1 - (-6 - (-4 + -2)))?
-2
Evaluate 4 + 5 - (13 + 4 - 3).
-5
Evaluate -1 + -4 + 10 + -2 + (-6 - 3).
-6
Calculate -1 + 21 - (61 + -51).
10
Calculate 2 + 17 + (-14 - 13 - 7).
-15
(2 - 0) + -2 + -11 + 3 - -23
15
Calculate (1 - -1) + (1041 - 1014).
29
What is (-4 - -1 - (24 + -8 + 3)) + 7?
-15
(-6 - (-18 - (-11 - 1))) + 3
3
What is 31 + (-6 - 29 - -30)?
26
Evaluate 9 - (-13 + (2 - 7 - -9) + 37).
-19
Calculate (4 - 3) + -13 + (-15 - -4).
-23
0 - 11 - ((4 - 11) + 2)
-6
Evaluate 36 - (43 - (18 - 42)).
-31
Evaluate (0 - -4) + 1 + -42 + -13 + 52.
2
Evaluate 3 - (5 + -9 + (13 - 2) + -1).
-3
Calculate (2 - 7) + (13 - (-2 - (3 + -10))).
3
What is the value of -23 - (-17 + 33 - 19)?
-20
What is the value of 15 + -6 + -8 + -15?
-14
Calculate (1 - 0) + 14 - (13 + (8 - 14)).
8
(2 - (-5 - -8)) + (-2 - 9)
-12
6 + (-1 - -1) + (200 - 193)
13
Calculate (-5 - -2) + (-1 - 4) + (-25 - -51).
18
Calculate (0 - -8) + (-5 - (-40 - -23)) - 7.
13
Calculate (11 - (3 - (-1 - (-3 + 2)))) + -4.
4
What is -6 - (-7 - 1) - 3 - (3 - 6)?
2
What is 0 + 0 + -1 - -8 - (46 + -39)?
0
-254 + 245 + -4 + 0
-13
-4 - (-36 - -13 - -10 - -11)
-2
What is the value of 0 - 14 - (-4 + (12 - (-10 + 20)))?
-12
What is 18 + (10 - (-10 - -37))?
1
Calculate -2 + -4 + -1 + (-31 - -34).
-4
What is 31 + (-9 - (3 + -11) - (5 - 1))?
26
(-5 - 0) + (-7 - (-6 - 3)) - -4
1
What is the value of 5 + -3 + (-11 + 1 - (-1 + 2))?
-9
Calculate 34 + (-13 - (31 - 11)).
1
Calculate -21 + 1 + 3 + (1 - (-2 + -1)).
-13
Evaluate 5 + -2 - (-3 + -9 + 10) - 16.
-11
What is (0 - -14) + -2 - ((69 - 27) + -45)?
15
Calculate -9 + (6 - 10 - (-25 - -6)).
6
Evaluate 0 + 2 + 100 + -112 - (-27 - 0).
17
What is 1 + (-7 + 14 - 15) - 2?
-9
What is 0 - 19 - ((10 - 11 - -6) + -4)?
-20
4 - -2 - (-70 - -78)
-2
Calculate 4 - (29 - (-7 - -26)).
-6
Evaluate -3 - ((-20 - -14) + -7).
10
Evaluate 8 + (-61 - -57) + 7 + (-1 - 0).
10
Calculate (16 - 30) + (-1 - (10 + -5)) + 2.
-18
Evaluate (-29 - -10 - -2) + 21.
4
-2 - (-11 - 8 - (6 + -13 - -2))
12
Calculate 31 - (20 + -15) - 47.
-21
Calculate 13 - ((-1 + 3 - -10) + -10).
11
Evaluate 14 - ((-11 - -3) + 22).
0
Evaluate 40 + (-15 - (2 + 8)).
15
(-4 - 5) + -6 + 6 + 24
15
Calculate 12 + -9 + (22 - 20).
5
What is the value of 1 + 2 - -2 - (53 + -6 - 30)?
-12
Evaluate 1 - 27 - (-112 + 97).
-11
Calculate -208 - -175 - (2 + 4 + -4).
-35
(-3 - 7) + -11 + 21
0
What is the value of 13 - (3 - (3 + -8) - 0)?
5
What is (16 - -15) + 1 + (-10 - 0)?
22
What is 9 + 17 + 7 + -7?
26
3 - -25 - (424 + -422)
26
What is the value of -3 + -5 + -1 + 4 + (6 - 8)?
-7
What is 0 + 2 + -10 + (-7 - -10) + 7?
2
Calculate -33 - -19 - -1 - -45.
32
Evaluate 0 - 0 - (-164 - -170).
-6
Evaluate 0 + 3 + (13 - 22).
-6
Calculate 22 + (5 - 14) + -4.
9
Calculate 1 + -2 + 1 + 3 - (-30 + 32).
1
Evaluate 9 + 1 + 2 + -8 + 14.
18
What is (-114 - -117 - (-1 + 2 + -11)) + 4?
17
Calculate -3 - 9 - (-1 + -8 + 18).
-21
Evaluate (3 - 9) + 23 + -2.
15
What is 17 + (-48 - -11 - -17) + 13?
10
Evaluate -9 + 12 + -8 + (4 - 1) - -4.
2
4 + 2 + -3 - (42 + -42)
3
Evaluate 4 + -2 - 2 - (-14 + 18 - -3).
-7
-3 + -4 + 9 - (-59 - -68)
-7
2 + -9 + 13 + (0 - (0 + -2))
8
Calculate 105 + -126 + -2 + 23.
0
What is 20 + -5 + -3 + 10?
22
Evaluate (-192 - -210) + (9 - 3).
24
What is (67 + -26 - 15) + -2?
24
Evaluate 4 - (-13 - -2) - 1.
14
What is the value of 10 + 0 + 0 + -9 + -10?
-9
-10 + 28 + -19 - 28
-29
What is 1 + 29 + -28 + -26?
-24
What is the value of 9 + (1 + 9 - (32 + -2))?
-11
Evaluate -26 + 23 + -11 - 0.
-14
What is (6 - 11) + (2 + 14 - (33 - 36))?
14
What is the value of -25 + (4 - -2 - -6)?
-13
Calculate -16 + 0 + (2 - 0 - 7).
-21
Evaluate 2 + -15 + (-3 - -29 - (-11 + 30)).
-6
-22 + 10 + (36 - -7 - 13)
18
What is -151 + 152 + 0 + (-5 - 1)?
-5
What is the value of -2 + -1 + -1 + -4 + 1 + 0?
-7
3 - 1 - 4 - (-2 + 2 + -4)
2
What is the value of -1 - -11 - (126 + -46 - 59)?
-11
What is 7 - ((-6 - -18) + 13)?
-18
14 - (38 - (4 + 4))
-16
What is the value of 2 + 0 - -22 - (0 + 9 - 3)?
18
What is the value of -5 + 27 - (76 - 70)?
16
Evaluate (-1